Last updated on 2023-03-22 04:52:56 CET.
Flavor | Version | Tinstall | Tcheck | Ttotal | Status | Flags |
---|---|---|---|---|---|---|
r-devel-linux-x86_64-debian-clang | 0.9 | 4.24 | 34.04 | 38.28 | NOTE | |
r-devel-linux-x86_64-debian-gcc | 0.9 | 3.61 | 27.09 | 30.70 | NOTE | |
r-devel-linux-x86_64-fedora-clang | 0.9 | 51.22 | NOTE | |||
r-devel-linux-x86_64-fedora-gcc | 0.9 | 50.90 | NOTE | |||
r-devel-windows-x86_64 | 0.9 | 27.00 | 59.00 | 86.00 | NOTE | |
r-patched-linux-x86_64 | 0.9 | 4.65 | 34.51 | 39.16 | NOTE | |
r-release-linux-x86_64 | 0.9 | 5.05 | 34.24 | 39.29 | NOTE | |
r-release-macos-arm64 | 0.9 | 16.00 | NOTE | |||
r-release-macos-x86_64 | 0.9 | 29.00 | NOTE | |||
r-release-windows-x86_64 | 0.9 | 8.00 | 59.00 | 67.00 | NOTE | |
r-oldrel-macos-arm64 | 0.9 | 27.00 | NOTE | |||
r-oldrel-macos-x86_64 | 0.9 | 39.00 | NOTE | |||
r-oldrel-windows-ix86+x86_64 | 0.9 | 10.00 | 53.00 | 63.00 | NOTE |
Version: 0.9
Check: DESCRIPTION meta-information
Result: NOTE
Malformed Title field: should not end in a period.
Flavors: r-devel-linux-x86_64-debian-clang, r-devel-linux-x86_64-debian-gcc, r-devel-linux-x86_64-fedora-clang, r-devel-linux-x86_64-fedora-gcc, r-devel-windows-x86_64, r-patched-linux-x86_64, r-release-linux-x86_64, r-release-macos-arm64, r-release-macos-x86_64, r-release-windows-x86_64, r-oldrel-macos-arm64, r-oldrel-macos-x86_64, r-oldrel-windows-ix86+x86_64
Version: 0.9
Check: installed package size
Result: NOTE
installed size is 12.2Mb
sub-directories of 1Mb or more:
java 12.1Mb
Flavors: r-devel-linux-x86_64-fedora-clang, r-devel-windows-x86_64, r-release-macos-arm64, r-release-macos-x86_64, r-release-windows-x86_64, r-oldrel-macos-arm64, r-oldrel-macos-x86_64, r-oldrel-windows-ix86+x86_64
Version: 0.9
Check: dependencies in R code
Result: NOTE
Namespace in Imports field not imported from: ‘methods’
All declared Imports should be used.
Flavors: r-devel-linux-x86_64-fedora-clang, r-devel-linux-x86_64-fedora-gcc, r-release-macos-arm64, r-release-macos-x86_64, r-oldrel-macos-arm64, r-oldrel-macos-x86_64