Last updated on 2023-03-27 04:53:23 CEST.
Flavor | Version | Tinstall | Tcheck | Ttotal | Status | Flags |
---|---|---|---|---|---|---|
r-devel-linux-x86_64-debian-clang | 0.0.1 | 3.48 | 58.91 | 62.39 | OK | |
r-devel-linux-x86_64-debian-gcc | 0.0.1 | 3.60 | 43.67 | 47.27 | OK | |
r-devel-linux-x86_64-fedora-gcc | 0.0.1 | 88.02 | NOTE | |||
r-devel-windows-x86_64 | 0.0.1 | 16.00 | 86.00 | 102.00 | OK | |
r-patched-linux-x86_64 | 0.0.1 | 4.76 | 55.76 | 60.52 | OK | |
r-release-linux-x86_64 | 0.0.1 | 3.02 | 56.21 | 59.23 | OK | |
r-release-macos-arm64 | 0.0.1 | 36.00 | NOTE | |||
r-release-macos-x86_64 | 0.0.1 | 38.00 | NOTE | |||
r-release-windows-x86_64 | 0.0.1 | 15.00 | 88.00 | 103.00 | OK | |
r-oldrel-macos-arm64 | 0.0.1 | 39.00 | NOTE | |||
r-oldrel-macos-x86_64 | 0.0.1 | 41.00 | NOTE | |||
r-oldrel-windows-ix86+x86_64 | 0.0.1 | 9.00 | 84.00 | 93.00 | OK |
Version: 0.0.1
Check: dependencies in R code
Result: NOTE
Namespace in Imports field not imported from: ‘quadprog’
All declared Imports should be used.
Flavors: r-devel-linux-x86_64-fedora-gcc, r-release-macos-arm64, r-release-macos-x86_64, r-oldrel-macos-arm64, r-oldrel-macos-x86_64