Last updated on 2023-03-27 04:53:22 CEST.
Flavor | Version | Tinstall | Tcheck | Ttotal | Status | Flags |
---|---|---|---|---|---|---|
r-devel-linux-x86_64-debian-clang | 0.2.1 | 12.28 | 88.87 | 101.15 | OK | |
r-devel-linux-x86_64-debian-gcc | 0.2.1 | 9.34 | 66.57 | 75.91 | OK | |
r-devel-linux-x86_64-fedora-gcc | 0.2.1 | 128.71 | OK | |||
r-devel-windows-x86_64 | 0.2.1 | 65.00 | 117.00 | 182.00 | NOTE | |
r-patched-linux-x86_64 | 0.2.1 | 12.60 | 86.34 | 98.94 | OK | |
r-release-linux-x86_64 | 0.2.1 | 9.87 | 82.34 | 92.21 | OK | |
r-release-macos-arm64 | 0.2.1 | 34.00 | NOTE | |||
r-release-macos-x86_64 | 0.2.1 | 46.00 | NOTE | |||
r-release-windows-x86_64 | 0.2.1 | 70.00 | 109.00 | 179.00 | NOTE | |
r-oldrel-macos-arm64 | 0.2.1 | 35.00 | NOTE | |||
r-oldrel-macos-x86_64 | 0.2.1 | 49.00 | NOTE | |||
r-oldrel-windows-ix86+x86_64 | 0.2.1 | 22.00 | 102.00 | 124.00 | NOTE |
Version: 0.2.1
Check: installed package size
Result: NOTE
installed size is 5.0Mb
sub-directories of 1Mb or more:
java 4.2Mb
Flavors: r-devel-windows-x86_64, r-release-macos-arm64, r-release-macos-x86_64, r-release-windows-x86_64, r-oldrel-macos-arm64, r-oldrel-macos-x86_64, r-oldrel-windows-ix86+x86_64