Last updated on 2023-04-01 04:56:28 CEST.
Flavor | Version | Tinstall | Tcheck | Ttotal | Status | Flags |
---|---|---|---|---|---|---|
r-devel-linux-x86_64-debian-clang | 0.1.2 | 9.11 | 87.93 | 97.04 | NOTE | |
r-devel-linux-x86_64-debian-gcc | 0.1.2 | 7.22 | 67.07 | 74.29 | NOTE | |
r-devel-linux-x86_64-fedora-clang | 0.1.2 | 119.82 | NOTE | |||
r-devel-linux-x86_64-fedora-gcc | 0.1.2 | 127.67 | NOTE | |||
r-devel-windows-x86_64 | 0.1.2 | 24.00 | 0.00 | 24.00 | NOTE | |
r-patched-linux-x86_64 | 0.1.2 | 17.03 | 83.71 | 100.74 | NOTE | |
r-release-linux-x86_64 | 0.1.2 | 6.28 | 84.37 | 90.65 | NOTE | |
r-release-macos-arm64 | 0.1.2 | 36.00 | NOTE | |||
r-release-macos-x86_64 | 0.1.2 | 58.00 | NOTE | |||
r-release-windows-x86_64 | 0.1.2 | 22.00 | 122.00 | 144.00 | NOTE | |
r-oldrel-macos-arm64 | 0.1.2 | 40.00 | NOTE | |||
r-oldrel-macos-x86_64 | 0.1.2 | 45.00 | NOTE | |||
r-oldrel-windows-ix86+x86_64 | 0.1.2 | 22.00 | 110.00 | 132.00 | NOTE |
Version: 0.1.2
Check: LazyData
Result: NOTE
'LazyData' is specified without a 'data' directory
Flavors: r-devel-linux-x86_64-debian-clang, r-devel-linux-x86_64-debian-gcc, r-devel-linux-x86_64-fedora-clang, r-devel-linux-x86_64-fedora-gcc, r-devel-windows-x86_64, r-patched-linux-x86_64, r-release-linux-x86_64, r-release-macos-arm64, r-release-macos-x86_64, r-release-windows-x86_64, r-oldrel-macos-arm64, r-oldrel-macos-x86_64, r-oldrel-windows-ix86+x86_64