Last updated on 2023-02-08 04:52:10 CET.
Flavor | Version | Tinstall | Tcheck | Ttotal | Status | Flags |
---|---|---|---|---|---|---|
r-devel-linux-x86_64-debian-clang | 3.0-2 | 14.56 | 90.65 | 105.21 | OK | |
r-devel-linux-x86_64-debian-gcc | 3.0-2 | 10.82 | 66.08 | 76.90 | OK | |
r-devel-linux-x86_64-fedora-clang | 3.0-2 | 132.90 | OK | |||
r-devel-linux-x86_64-fedora-gcc | 3.0-2 | 123.13 | OK | |||
r-devel-windows-x86_64 | 3.0-2 | 77.00 | 110.00 | 187.00 | OK | |
r-patched-linux-x86_64 | 3.0-2 | 15.78 | 86.46 | 102.24 | OK | |
r-release-linux-x86_64 | 3.0-2 | 11.18 | 85.78 | 96.96 | OK | |
r-release-macos-arm64 | 3.0-2 | 32.00 | OK | |||
r-release-macos-x86_64 | 3.0-2 | 66.00 | OK | |||
r-release-windows-x86_64 | 3.0-2 | 70.00 | 120.00 | 190.00 | OK | |
r-oldrel-macos-arm64 | 3.0-2 | 44.00 | NOTE | |||
r-oldrel-macos-x86_64 | 3.0-2 | 59.00 | OK | |||
r-oldrel-windows-ix86+x86_64 | 3.0-2 | 29.00 | 113.00 | 142.00 | OK |
Version: 3.0-2
Check: package dependencies
Result: NOTE
Packages suggested but not available for checking: 'showtext', 'sysfonts'
Flavor: r-oldrel-macos-arm64