Last updated on 2023-03-29 04:51:20 CEST.
Flavor | Version | Tinstall | Tcheck | Ttotal | Status | Flags |
---|---|---|---|---|---|---|
r-devel-linux-x86_64-debian-clang | 0.1.3 | 9.09 | 156.05 | 165.14 | OK | |
r-devel-linux-x86_64-debian-gcc | 0.1.3 | 8.17 | 114.05 | 122.22 | OK | |
r-devel-linux-x86_64-fedora-clang | 0.1.3 | 210.06 | NOTE | |||
r-devel-linux-x86_64-fedora-gcc | 0.1.3 | 199.62 | NOTE | |||
r-devel-windows-x86_64 | 0.1.3 | 29.00 | 0.00 | 29.00 | OK | |
r-patched-linux-x86_64 | 0.1.3 | 17.93 | 143.99 | 161.92 | OK | |
r-release-linux-x86_64 | 0.1.3 | 7.84 | 142.52 | 150.36 | OK | |
r-release-macos-arm64 | 0.1.3 | 35.00 | NOTE | |||
r-release-macos-x86_64 | 0.1.3 | 80.00 | NOTE | |||
r-release-windows-x86_64 | 0.1.3 | 23.00 | 170.00 | 193.00 | OK | |
r-oldrel-macos-arm64 | 0.1.3 | 45.00 | NOTE | |||
r-oldrel-macos-x86_64 | 0.1.3 | 72.00 | NOTE | |||
r-oldrel-windows-ix86+x86_64 | 0.1.3 | 31.00 | 176.00 | 207.00 | OK |
Version: 0.1.3
Check: dependencies in R code
Result: NOTE
Namespace in Imports field not imported from: ‘testthat’
All declared Imports should be used.
Flavors: r-devel-linux-x86_64-fedora-clang, r-devel-linux-x86_64-fedora-gcc, r-release-macos-arm64, r-release-macos-x86_64, r-oldrel-macos-arm64, r-oldrel-macos-x86_64