Last updated on 2023-02-01 04:52:04 CET.
Flavor | Version | Tinstall | Tcheck | Ttotal | Status | Flags |
---|---|---|---|---|---|---|
r-devel-linux-x86_64-debian-clang | 1.5.4 | 55.83 | 401.42 | 457.25 | NOTE | |
r-devel-linux-x86_64-debian-gcc | 1.5.4 | 47.43 | 292.24 | 339.67 | NOTE | |
r-devel-linux-x86_64-fedora-clang | 1.5.4 | 577.53 | OK | |||
r-devel-linux-x86_64-fedora-gcc | 1.5.4 | 597.02 | OK | |||
r-devel-windows-x86_64 | 1.5.4 | 72.00 | 383.00 | 455.00 | NOTE | |
r-patched-linux-x86_64 | 1.5.4 | 61.27 | 380.06 | 441.33 | NOTE | |
r-release-linux-x86_64 | 1.5.4 | 47.41 | 385.70 | 433.11 | NOTE | |
r-release-macos-arm64 | 1.5.4 | 100.00 | NOTE | |||
r-release-macos-x86_64 | 1.5.4 | 185.00 | NOTE | |||
r-release-windows-x86_64 | 1.5.4 | 77.00 | 376.00 | 453.00 | NOTE | |
r-oldrel-macos-arm64 | 1.5.4 | 109.00 | NOTE | |||
r-oldrel-macos-x86_64 | 1.5.4 | 95.00 | NOTE | |||
r-oldrel-windows-ix86+x86_64 | 1.5.4 | 103.00 | 372.00 | 475.00 | OK |
Version: 1.5.4
Check: package dependencies
Result: NOTE
Package suggested but not available for checking: ‘INLA’
Flavors: r-devel-linux-x86_64-debian-clang, r-devel-linux-x86_64-debian-gcc, r-devel-windows-x86_64, r-patched-linux-x86_64, r-release-linux-x86_64, r-release-macos-arm64, r-release-macos-x86_64, r-release-windows-x86_64, r-oldrel-macos-arm64, r-oldrel-macos-x86_64