Last updated on 2023-03-25 04:54:48 CET.
Flavor | Version | Tinstall | Tcheck | Ttotal | Status | Flags |
---|---|---|---|---|---|---|
r-devel-linux-x86_64-debian-clang | 1.8 | 15.74 | 102.40 | 118.14 | OK | |
r-devel-linux-x86_64-debian-gcc | 1.8 | 10.69 | 76.81 | 87.50 | OK | |
r-devel-linux-x86_64-fedora-clang | 1.8 | 148.10 | NOTE | |||
r-devel-linux-x86_64-fedora-gcc | 1.8 | 162.38 | OK | |||
r-devel-windows-x86_64 | 1.8 | 597.00 | 183.00 | 780.00 | NOTE | |
r-patched-linux-x86_64 | 1.8 | 16.32 | 93.21 | 109.53 | OK | |
r-release-linux-x86_64 | 1.8 | 13.01 | 93.55 | 106.56 | OK | |
r-release-macos-arm64 | 1.8 | 45.00 | NOTE | |||
r-release-macos-x86_64 | 1.8 | 87.00 | NOTE | |||
r-release-windows-x86_64 | 1.8 | 262.00 | 183.00 | 445.00 | NOTE | |
r-oldrel-macos-arm64 | 1.8 | 69.00 | NOTE | |||
r-oldrel-macos-x86_64 | 1.8 | 78.00 | NOTE | |||
r-oldrel-windows-ix86+x86_64 | 1.8 | 31.00 | 140.00 | 171.00 | NOTE |
Version: 1.8
Check: installed package size
Result: NOTE
installed size is 6.4Mb
sub-directories of 1Mb or more:
java 5.1Mb
Flavors: r-devel-linux-x86_64-fedora-clang, r-devel-windows-x86_64, r-release-macos-arm64, r-release-macos-x86_64, r-release-windows-x86_64, r-oldrel-macos-arm64, r-oldrel-macos-x86_64, r-oldrel-windows-ix86+x86_64