Last updated on 2023-03-30 04:55:18 CEST.
Flavor | Version | Tinstall | Tcheck | Ttotal | Status | Flags |
---|---|---|---|---|---|---|
r-devel-linux-x86_64-debian-clang | 1.4 | 7.32 | 87.02 | 94.34 | NOTE | |
r-devel-linux-x86_64-debian-gcc | 1.4 | 6.30 | 64.93 | 71.23 | NOTE | |
r-devel-linux-x86_64-fedora-clang | 1.4 | 117.22 | NOTE | |||
r-devel-linux-x86_64-fedora-gcc | 1.4 | 132.42 | NOTE | |||
r-devel-windows-x86_64 | 1.4 | 144.00 | 0.00 | 144.00 | NOTE | |
r-patched-linux-x86_64 | 1.4 | 8.75 | 82.52 | 91.27 | NOTE | |
r-release-linux-x86_64 | 1.4 | 5.72 | 81.66 | 87.38 | NOTE | |
r-release-macos-arm64 | 1.4 | 36.00 | NOTE | |||
r-release-macos-x86_64 | 1.4 | 66.00 | NOTE | |||
r-release-windows-x86_64 | 1.4 | 106.00 | 148.00 | 254.00 | NOTE | |
r-oldrel-macos-arm64 | 1.4 | 62.00 | NOTE | |||
r-oldrel-macos-x86_64 | 1.4 | 62.00 | NOTE | |||
r-oldrel-windows-ix86+x86_64 | 1.4 | 19.00 | 109.00 | 128.00 | NOTE |
Version: 1.4
Check: LazyData
Result: NOTE
'LazyData' is specified without a 'data' directory
Flavors: r-devel-linux-x86_64-debian-clang, r-devel-linux-x86_64-debian-gcc, r-devel-linux-x86_64-fedora-clang, r-devel-linux-x86_64-fedora-gcc, r-devel-windows-x86_64, r-patched-linux-x86_64, r-release-linux-x86_64, r-release-macos-arm64, r-release-macos-x86_64, r-release-windows-x86_64, r-oldrel-macos-arm64, r-oldrel-macos-x86_64, r-oldrel-windows-ix86+x86_64