CRAN Package Check Results for Package Plasmidprofiler

Last updated on 2023-02-08 04:52:07 CET.

Flavor Version Tinstall Tcheck Ttotal Status Flags
r-devel-linux-x86_64-debian-clang 0.1.6 6.89 73.64 80.53 NOTE
r-devel-linux-x86_64-debian-gcc 0.1.6 6.27 55.76 62.03 NOTE
r-devel-linux-x86_64-fedora-clang 0.1.6 108.43 NOTE
r-devel-linux-x86_64-fedora-gcc 0.1.6 96.73 NOTE
r-devel-windows-x86_64 0.1.6 45.00 107.00 152.00 OK
r-patched-linux-x86_64 0.1.6 7.25 69.80 77.05 NOTE
r-release-linux-x86_64 0.1.6 6.90 72.54 79.44 NOTE
r-release-macos-arm64 0.1.6 30.00 OK
r-release-macos-x86_64 0.1.6 55.00 OK
r-release-windows-x86_64 0.1.6 33.00 116.00 149.00 OK
r-oldrel-macos-arm64 0.1.6 33.00 OK
r-oldrel-macos-x86_64 0.1.6 44.00 OK
r-oldrel-windows-ix86+x86_64 0.1.6 21.00 107.00 128.00 OK

Check Details

Version: 0.1.6
Check: for non-standard things in the check directory
Result: NOTE
    Found the following files/directories:
     ‘P2Run.csv’ ‘P2Run.html’ ‘P2Run.png’
Flavors: r-devel-linux-x86_64-debian-clang, r-devel-linux-x86_64-debian-gcc, r-devel-linux-x86_64-fedora-clang, r-devel-linux-x86_64-fedora-gcc, r-patched-linux-x86_64, r-release-linux-x86_64