Last updated on 2023-03-27 04:53:21 CEST.
Flavor | Version | Tinstall | Tcheck | Ttotal | Status | Flags |
---|---|---|---|---|---|---|
r-devel-linux-x86_64-debian-clang | 0.6.1 | 20.78 | 157.91 | 178.69 | OK | |
r-devel-linux-x86_64-debian-gcc | 0.6.1 | 15.35 | 116.25 | 131.60 | OK | |
r-devel-linux-x86_64-fedora-gcc | 0.6.1 | 234.20 | OK | |||
r-devel-windows-x86_64 | 0.6.1 | 37.00 | 181.00 | 218.00 | OK | |
r-patched-linux-x86_64 | 0.6.1 | 17.94 | 145.43 | 163.37 | OK | |
r-release-linux-x86_64 | 0.6.1 | 20.02 | 149.95 | 169.97 | OK | |
r-release-macos-arm64 | 0.6.1 | 56.00 | OK | |||
r-release-macos-x86_64 | 0.6.1 | 84.00 | OK | |||
r-release-windows-x86_64 | 0.6.1 | 55.00 | 186.00 | 241.00 | OK | |
r-oldrel-macos-arm64 | 0.6.1 | 56.00 | OK | |||
r-oldrel-macos-x86_64 | 0.6.1 | 83.00 | OK | |||
r-oldrel-windows-ix86+x86_64 | 0.6.1 | 46.00 | 174.00 | 220.00 | NOTE |
Version: 0.6.1
Check: R code for possible problems
Result: NOTE
Initiating curl with CURL_SSL_BACKEND: openssl
Flavor: r-oldrel-windows-ix86+x86_64