Last updated on 2023-03-29 04:51:19 CEST.
Flavor | Version | Tinstall | Tcheck | Ttotal | Status | Flags |
---|---|---|---|---|---|---|
r-devel-linux-x86_64-debian-clang | 2.1.1 | 201.89 | 159.60 | 361.49 | OK | |
r-devel-linux-x86_64-debian-gcc | 2.1.1 | 146.80 | 116.14 | 262.94 | OK | |
r-devel-linux-x86_64-fedora-clang | 2.1.1 | 531.08 | NOTE | |||
r-devel-linux-x86_64-fedora-gcc | 2.1.1 | 443.32 | NOTE | |||
r-devel-windows-x86_64 | 2.1.1 | 168.00 | 0.00 | 168.00 | OK | |
r-patched-linux-x86_64 | 2.1.1 | 149.87 | 147.99 | 297.86 | OK | |
r-release-linux-x86_64 | 2.1.1 | 107.51 | 150.54 | 258.05 | OK | |
r-release-macos-arm64 | 2.1.1 | 104.00 | NOTE | |||
r-release-macos-x86_64 | 2.1.1 | 176.00 | NOTE | |||
r-release-windows-x86_64 | 2.1.1 | 151.00 | 225.00 | 376.00 | OK | |
r-oldrel-macos-arm64 | 2.1.1 | 113.00 | NOTE | |||
r-oldrel-macos-x86_64 | 2.1.1 | 142.00 | NOTE | |||
r-oldrel-windows-ix86+x86_64 | 2.1.1 | 451.00 | 276.00 | 727.00 | OK |
Version: 2.1.1
Check: dependencies in R code
Result: NOTE
Namespaces in Imports field not imported from:
‘PlackettLuce’ ‘StatRank’ ‘pmr’ ‘prefmod’ ‘rankdist’
All declared Imports should be used.
Flavors: r-devel-linux-x86_64-fedora-clang, r-devel-linux-x86_64-fedora-gcc, r-release-macos-arm64, r-release-macos-x86_64, r-oldrel-macos-arm64, r-oldrel-macos-x86_64