Last updated on 2023-04-02 04:51:45 CEST.
Flavor | Version | Tinstall | Tcheck | Ttotal | Status | Flags |
---|---|---|---|---|---|---|
r-devel-linux-x86_64-debian-clang | 0.17.0 | 29.88 | 244.12 | 274.00 | OK | |
r-devel-linux-x86_64-debian-gcc | 0.17.0 | 25.92 | 175.77 | 201.69 | OK | |
r-devel-linux-x86_64-fedora-clang | 0.17.0 | 335.38 | OK | |||
r-devel-linux-x86_64-fedora-gcc | 0.17.0 | 316.03 | OK | |||
r-devel-windows-x86_64 | 0.17.0 | 44.00 | 264.00 | 308.00 | OK | |
r-patched-linux-x86_64 | 0.17.0 | 30.60 | 239.09 | 269.69 | OK | |
r-release-linux-x86_64 | 0.17.0 | 24.98 | 236.42 | 261.40 | OK | |
r-release-macos-arm64 | 0.17.0 | 158.00 | OK | |||
r-release-macos-x86_64 | 0.17.0 | 202.00 | OK | |||
r-release-windows-x86_64 | 0.17.0 | 90.00 | 263.00 | 353.00 | OK | |
r-oldrel-macos-arm64 | 0.17.0 | 134.00 | OK | |||
r-oldrel-macos-x86_64 | 0.17.0 | 163.00 | OK | |||
r-oldrel-windows-ix86+x86_64 | 0.17.0 | 60.00 | 247.00 | 307.00 | NOTE |
Version: 0.17.0
Check: R code for possible problems
Result: NOTE
Initiating curl with CURL_SSL_BACKEND: openssl
Flavor: r-oldrel-windows-ix86+x86_64
Version: 0.17.0
Check: data for non-ASCII characters
Result: NOTE
Initiating curl with CURL_SSL_BACKEND: openssl
Flavor: r-oldrel-windows-ix86+x86_64