Last updated on 2023-02-03 04:50:36 CET.
Flavor | Version | Tinstall | Tcheck | Ttotal | Status | Flags |
---|---|---|---|---|---|---|
r-devel-linux-x86_64-debian-clang | 0.1.2 | 8.49 | 85.25 | 93.74 | OK | |
r-devel-linux-x86_64-debian-gcc | 0.1.2 | 6.61 | 64.80 | 71.41 | OK | |
r-devel-linux-x86_64-fedora-clang | 0.1.2 | 121.55 | OK | |||
r-devel-linux-x86_64-fedora-gcc | 0.1.2 | 133.24 | OK | |||
r-devel-windows-x86_64 | 0.1.2 | 18.00 | 114.00 | 132.00 | OK | |
r-patched-linux-x86_64 | 0.1.2 | 8.09 | 82.22 | 90.31 | OK | |
r-release-linux-x86_64 | 0.1.2 | 6.28 | 82.76 | 89.04 | OK | |
r-release-macos-arm64 | 0.1.2 | 33.00 | OK | |||
r-release-macos-x86_64 | 0.1.2 | 6.00 | ERROR | |||
r-release-windows-x86_64 | 0.1.2 | 19.00 | 130.00 | 149.00 | OK | |
r-oldrel-macos-arm64 | 0.1.2 | 9.00 | ERROR | |||
r-oldrel-macos-x86_64 | 0.1.2 | 11.00 | ERROR | |||
r-oldrel-windows-ix86+x86_64 | 0.1.2 | 22.00 | 111.00 | 133.00 | OK |
Version: 0.1.2
Check: package dependencies
Result: ERROR
Package required but not available: ‘heatmapFlex’
See section ‘The DESCRIPTION file’ in the ‘Writing R Extensions’
manual.
Flavors: r-release-macos-x86_64, r-oldrel-macos-arm64, r-oldrel-macos-x86_64