Last updated on 2023-03-27 04:53:19 CEST.
Flavor | Version | Tinstall | Tcheck | Ttotal | Status | Flags |
---|---|---|---|---|---|---|
r-devel-linux-x86_64-debian-clang | 0.3-4 | 2.76 | 37.28 | 40.04 | OK | |
r-devel-linux-x86_64-debian-gcc | 0.3-4 | 1.67 | 29.00 | 30.67 | OK | |
r-devel-linux-x86_64-fedora-gcc | 0.3-4 | 61.54 | OK | |||
r-devel-windows-x86_64 | 0.3-4 | 37.00 | 109.00 | 146.00 | OK | |
r-patched-linux-x86_64 | 0.3-4 | 2.87 | 36.71 | 39.58 | OK | |
r-release-linux-x86_64 | 0.3-4 | 2.06 | 38.42 | 40.48 | OK | |
r-release-macos-arm64 | 0.3-4 | 108.00 | OK | |||
r-release-macos-x86_64 | 0.3-4 | 112.00 | OK | |||
r-release-windows-x86_64 | 0.3-4 | 39.00 | 113.00 | 152.00 | OK | |
r-oldrel-macos-arm64 | 0.3-4 | 99.00 | OK | |||
r-oldrel-macos-x86_64 | 0.3-4 | 134.00 | OK | |||
r-oldrel-windows-ix86+x86_64 | 0.3-4 | 6.00 | 100.00 | 106.00 | NOTE |
Version: 0.3-4
Check: R code for possible problems
Result: NOTE
Initiating curl with CURL_SSL_BACKEND: openssl
Flavor: r-oldrel-windows-ix86+x86_64