Last updated on 2023-03-24 04:52:34 CET.
Flavor | Version | Tinstall | Tcheck | Ttotal | Status | Flags |
---|---|---|---|---|---|---|
r-devel-linux-x86_64-debian-clang | 1.0 | 1.95 | 24.99 | 26.94 | OK | |
r-devel-linux-x86_64-debian-gcc | 1.0 | 2.02 | 19.94 | 21.96 | OK | |
r-devel-linux-x86_64-fedora-clang | 1.0 | 35.56 | OK | |||
r-devel-linux-x86_64-fedora-gcc | 1.0 | 35.32 | OK | |||
r-devel-windows-x86_64 | 1.0 | 17.00 | 61.00 | 78.00 | OK | |
r-patched-linux-x86_64 | 1.0 | 2.69 | 26.11 | 28.80 | OK | |
r-release-linux-x86_64 | 1.0 | 2.57 | 26.59 | 29.16 | OK | |
r-release-macos-arm64 | 1.0 | 14.00 | OK | |||
r-release-macos-x86_64 | 1.0 | 21.00 | OK | |||
r-release-windows-x86_64 | 1.0 | 14.00 | 64.00 | 78.00 | OK | |
r-oldrel-macos-arm64 | 1.0 | 17.00 | OK | |||
r-oldrel-macos-x86_64 | 1.0 | 34.00 | OK | |||
r-oldrel-windows-ix86+x86_64 | 1.0 | 6.00 | 58.00 | 64.00 | NOTE |
Version: 1.0
Check: R code for possible problems
Result: NOTE
Initiating curl with CURL_SSL_BACKEND: openssl
Flavor: r-oldrel-windows-ix86+x86_64