Last updated on 2023-03-31 04:51:54 CEST.
Flavor | Version | Tinstall | Tcheck | Ttotal | Status | Flags |
---|---|---|---|---|---|---|
r-devel-linux-x86_64-debian-clang | 1.2.5 | 4.84 | 53.34 | 58.18 | OK | |
r-devel-linux-x86_64-debian-gcc | 1.2.5 | 4.35 | 40.13 | 44.48 | OK | |
r-devel-linux-x86_64-fedora-clang | 1.2.5 | 72.60 | NOTE | |||
r-devel-linux-x86_64-fedora-gcc | 1.2.5 | 84.25 | NOTE | |||
r-devel-windows-x86_64 | 1.2.5 | 61.00 | 95.00 | 156.00 | OK | |
r-patched-linux-x86_64 | 1.2.5 | 5.27 | 51.10 | 56.37 | OK | |
r-release-linux-x86_64 | 1.2.5 | 5.71 | 53.33 | 59.04 | OK | |
r-release-macos-arm64 | 1.2.5 | 55.00 | NOTE | |||
r-release-macos-x86_64 | 1.2.5 | 72.00 | NOTE | |||
r-release-windows-x86_64 | 1.2.5 | 33.00 | 93.00 | 126.00 | OK | |
r-oldrel-macos-arm64 | 1.2.5 | 47.00 | NOTE | |||
r-oldrel-macos-x86_64 | 1.2.5 | 51.00 | NOTE | |||
r-oldrel-windows-ix86+x86_64 | 1.2.5 | 12.00 | 84.00 | 96.00 | OK |
Version: 1.2.5
Check: dependencies in R code
Result: NOTE
Namespace in Imports field not imported from: ‘tibble’
All declared Imports should be used.
Flavors: r-devel-linux-x86_64-fedora-clang, r-devel-linux-x86_64-fedora-gcc, r-release-macos-arm64, r-release-macos-x86_64, r-oldrel-macos-arm64, r-oldrel-macos-x86_64