Last updated on 2023-03-22 04:52:51 CET.
Flavor | Version | Tinstall | Tcheck | Ttotal | Status | Flags |
---|---|---|---|---|---|---|
r-devel-linux-x86_64-debian-clang | 1.0.1 | 3.78 | 18.58 | 22.36 | NOTE | |
r-devel-linux-x86_64-debian-gcc | 1.0.1 | 2.31 | 15.09 | 17.40 | NOTE | |
r-devel-linux-x86_64-fedora-clang | 1.0.1 | 26.69 | NOTE | |||
r-devel-linux-x86_64-fedora-gcc | 1.0.1 | 25.65 | NOTE | |||
r-devel-windows-x86_64 | 1.0.1 | 12.00 | 49.00 | 61.00 | NOTE | |
r-patched-linux-x86_64 | 1.0.1 | 2.57 | 19.59 | 22.16 | NOTE | |
r-release-linux-x86_64 | 1.0.1 | 2.66 | 19.07 | 21.73 | NOTE | |
r-release-macos-arm64 | 1.0.1 | 14.00 | NOTE | |||
r-release-macos-x86_64 | 1.0.1 | 19.00 | NOTE | |||
r-release-windows-x86_64 | 1.0.1 | 6.00 | 40.00 | 46.00 | NOTE | |
r-oldrel-macos-arm64 | 1.0.1 | 17.00 | NOTE | |||
r-oldrel-macos-x86_64 | 1.0.1 | 25.00 | NOTE | |||
r-oldrel-windows-ix86+x86_64 | 1.0.1 | 7.00 | 33.00 | 40.00 | NOTE |
Version: 1.0.1
Check: LazyData
Result: NOTE
'LazyData' is specified without a 'data' directory
Flavors: r-devel-linux-x86_64-debian-clang, r-devel-linux-x86_64-debian-gcc, r-devel-linux-x86_64-fedora-clang, r-devel-linux-x86_64-fedora-gcc, r-devel-windows-x86_64, r-patched-linux-x86_64, r-release-linux-x86_64, r-release-macos-arm64, r-release-macos-x86_64, r-release-windows-x86_64, r-oldrel-macos-arm64, r-oldrel-macos-x86_64, r-oldrel-windows-ix86+x86_64
Version: 1.0.1
Check: installed package size
Result: NOTE
installed size is 16.3Mb
sub-directories of 1Mb or more:
extdata 16.2Mb
Flavors: r-devel-linux-x86_64-fedora-clang, r-devel-windows-x86_64, r-release-macos-arm64, r-release-macos-x86_64, r-release-windows-x86_64, r-oldrel-macos-arm64, r-oldrel-macos-x86_64, r-oldrel-windows-ix86+x86_64