Last updated on 2023-02-03 04:50:34 CET.
Flavor | Version | Tinstall | Tcheck | Ttotal | Status | Flags |
---|---|---|---|---|---|---|
r-devel-linux-x86_64-debian-clang | 0.1.3 | 2.02 | 31.16 | 33.18 | NOTE | |
r-devel-linux-x86_64-debian-gcc | 0.1.3 | 1.82 | 23.16 | 24.98 | NOTE | |
r-devel-linux-x86_64-fedora-clang | 0.1.3 | 42.07 | NOTE | |||
r-devel-linux-x86_64-fedora-gcc | 0.1.3 | 55.58 | NOTE | |||
r-devel-windows-x86_64 | 0.1.3 | 21.00 | 72.00 | 93.00 | NOTE | |
r-patched-linux-x86_64 | 0.1.3 | 3.11 | 29.19 | 32.30 | OK | |
r-release-linux-x86_64 | 0.1.3 | 2.34 | 29.58 | 31.92 | OK | |
r-release-macos-arm64 | 0.1.3 | 20.00 | OK | |||
r-release-macos-x86_64 | 0.1.3 | 37.00 | OK | |||
r-release-windows-x86_64 | 0.1.3 | 22.00 | 71.00 | 93.00 | OK | |
r-oldrel-macos-arm64 | 0.1.3 | 22.00 | OK | |||
r-oldrel-macos-x86_64 | 0.1.3 | 33.00 | OK | |||
r-oldrel-windows-ix86+x86_64 | 0.1.3 | 6.00 | 62.00 | 68.00 | OK |
Version: 0.1.3
Check: package subdirectories
Result: NOTE
Problems with news in ‘NEWS.md’:
No news entries found.
Flavors: r-devel-linux-x86_64-debian-clang, r-devel-linux-x86_64-debian-gcc, r-devel-linux-x86_64-fedora-clang, r-devel-linux-x86_64-fedora-gcc, r-devel-windows-x86_64