Last updated on 2023-02-08 04:52:04 CET.
Flavor | Version | Tinstall | Tcheck | Ttotal | Status | Flags |
---|---|---|---|---|---|---|
r-devel-linux-x86_64-debian-clang | 2.0.0 | 43.03 | 408.06 | 451.09 | OK | |
r-devel-linux-x86_64-debian-gcc | 2.0.0 | 31.94 | 296.08 | 328.02 | OK | |
r-devel-linux-x86_64-fedora-clang | 2.0.0 | 539.99 | NOTE | |||
r-devel-linux-x86_64-fedora-gcc | 2.0.0 | 549.15 | OK | |||
r-devel-windows-x86_64 | 2.0.0 | 91.00 | 459.00 | 550.00 | NOTE | |
r-patched-linux-x86_64 | 2.0.0 | 33.38 | 383.35 | 416.73 | OK | |
r-release-linux-x86_64 | 2.0.0 | 38.68 | 381.20 | 419.88 | OK | |
r-release-macos-arm64 | 2.0.0 | 133.00 | NOTE | |||
r-release-macos-x86_64 | 2.0.0 | 196.00 | NOTE | |||
r-release-windows-x86_64 | 2.0.0 | 78.00 | 447.00 | 525.00 | NOTE | |
r-oldrel-macos-arm64 | 2.0.0 | 123.00 | NOTE | |||
r-oldrel-macos-x86_64 | 2.0.0 | 189.00 | NOTE | |||
r-oldrel-windows-ix86+x86_64 | 2.0.0 | 76.00 | 428.00 | 504.00 | NOTE |
Version: 2.0.0
Check: installed package size
Result: NOTE
installed size is 14.4Mb
sub-directories of 1Mb or more:
data 3.0Mb
examples 10.3Mb
Flavors: r-devel-linux-x86_64-fedora-clang, r-devel-windows-x86_64, r-release-macos-arm64, r-release-macos-x86_64, r-release-windows-x86_64, r-oldrel-macos-arm64, r-oldrel-macos-x86_64, r-oldrel-windows-ix86+x86_64