Last updated on 2023-02-03 04:50:33 CET.
Flavor | Version | Tinstall | Tcheck | Ttotal | Status | Flags |
---|---|---|---|---|---|---|
r-devel-linux-x86_64-debian-clang | 0.5.9 | 258.90 | 147.87 | 406.77 | OK | |
r-devel-linux-x86_64-debian-gcc | 0.5.9 | 203.59 | 107.15 | 310.74 | OK | |
r-devel-linux-x86_64-fedora-clang | 0.5.9 | 601.78 | OK | |||
r-devel-linux-x86_64-fedora-gcc | 0.5.9 | 613.49 | OK | |||
r-devel-windows-x86_64 | 0.5.9 | 340.00 | 230.00 | 570.00 | OK | |
r-patched-linux-x86_64 | 0.5.9 | 214.94 | 137.99 | 352.93 | OK | |
r-release-linux-x86_64 | 0.5.9 | 192.16 | 137.06 | 329.22 | OK | |
r-release-macos-arm64 | 0.5.9 | 119.00 | NOTE | |||
r-release-macos-x86_64 | 0.5.9 | 164.00 | NOTE | |||
r-release-windows-x86_64 | 0.5.9 | 208.00 | 225.00 | 433.00 | OK | |
r-oldrel-macos-arm64 | 0.5.9 | 110.00 | NOTE | |||
r-oldrel-macos-x86_64 | 0.5.9 | 155.00 | NOTE | |||
r-oldrel-windows-ix86+x86_64 | 0.5.9 | 604.00 | 265.00 | 869.00 | NOTE |
Version: 0.5.9
Check: installed package size
Result: NOTE
installed size is 9.1Mb
sub-directories of 1Mb or more:
data 2.7Mb
libs 5.9Mb
Flavors: r-release-macos-arm64, r-release-macos-x86_64, r-oldrel-macos-arm64, r-oldrel-macos-x86_64, r-oldrel-windows-ix86+x86_64