CRAN Package Check Results for Package MCSim

Last updated on 2023-03-22 04:52:49 CET.

Flavor Version Tinstall Tcheck Ttotal Status Flags
r-devel-linux-x86_64-debian-clang 1.0 2.42 23.84 26.26 NOTE
r-devel-linux-x86_64-debian-gcc 1.0 1.91 18.55 20.46 NOTE
r-devel-linux-x86_64-fedora-clang 1.0 33.90 NOTE
r-devel-linux-x86_64-fedora-gcc 1.0 32.20 NOTE
r-devel-windows-x86_64 1.0 7.00 50.00 57.00 NOTE
r-patched-linux-x86_64 1.0 1.61 25.45 27.06 NOTE
r-release-linux-x86_64 1.0 2.02 25.03 27.05 NOTE
r-release-macos-arm64 1.0 16.00 NOTE
r-release-macos-x86_64 1.0 21.00 NOTE
r-release-windows-x86_64 1.0 5.00 54.00 59.00 NOTE
r-oldrel-macos-arm64 1.0 18.00 NOTE
r-oldrel-macos-x86_64 1.0 28.00 NOTE
r-oldrel-windows-ix86+x86_64 1.0 5.00 51.00 56.00 NOTE

Check Details

Version: 1.0
Check: LazyData
Result: NOTE
     'LazyData' is specified without a 'data' directory
Flavors: r-devel-linux-x86_64-debian-clang, r-devel-linux-x86_64-debian-gcc, r-devel-linux-x86_64-fedora-clang, r-devel-linux-x86_64-fedora-gcc, r-devel-windows-x86_64, r-patched-linux-x86_64, r-release-linux-x86_64, r-release-macos-arm64, r-release-macos-x86_64, r-release-windows-x86_64, r-oldrel-macos-arm64, r-oldrel-macos-x86_64, r-oldrel-windows-ix86+x86_64