Last updated on 2023-03-21 04:57:55 CET.
Flavor | Version | Tinstall | Tcheck | Ttotal | Status | Flags |
---|---|---|---|---|---|---|
r-devel-linux-x86_64-debian-clang | 2.34 | NOTE | ||||
r-devel-linux-x86_64-debian-gcc | 2.34 | 46.67 | 91.20 | 137.87 | NOTE | |
r-devel-linux-x86_64-fedora-clang | 2.34 | 230.81 | NOTE | |||
r-devel-linux-x86_64-fedora-gcc | 2.34 | 219.83 | NOTE | |||
r-devel-windows-x86_64 | 2.34 | 123.00 | 179.00 | 302.00 | NOTE | |
r-patched-linux-x86_64 | 2.34 | 48.92 | 114.31 | 163.23 | OK | |
r-release-linux-x86_64 | 2.34 | 46.25 | 111.21 | 157.46 | OK | |
r-release-macos-arm64 | 2.34 | 55.00 | OK | |||
r-release-macos-x86_64 | 2.34 | 83.00 | OK | |||
r-release-windows-x86_64 | 2.34 | 128.00 | 164.00 | 292.00 | OK | |
r-oldrel-macos-arm64 | 2.34 | 57.00 | OK | |||
r-oldrel-macos-x86_64 | 2.34 | 82.00 | OK | |||
r-oldrel-windows-ix86+x86_64 | 2.34 | 172.00 | 187.00 | 359.00 | OK |
Version: 2.34
Check: C++ specification
Result: NOTE
Specified C++11: please drop specification unless essential
Flavors: r-devel-linux-x86_64-debian-clang, r-devel-linux-x86_64-debian-gcc, r-devel-linux-x86_64-fedora-clang, r-devel-linux-x86_64-fedora-gcc, r-devel-windows-x86_64