CRAN Package Check Results for Package MBA

Last updated on 2022-12-01 04:51:56 CET.

Flavor Version Tinstall Tcheck Ttotal Status Flags
r-devel-linux-x86_64-debian-clang 0.0-9 12.72 25.59 38.31 WARN
r-devel-linux-x86_64-debian-gcc 0.1-0 10.82 20.61 31.43 OK
r-devel-linux-x86_64-fedora-clang 0.1-0 74.11 OK
r-devel-linux-x86_64-fedora-gcc 0.1-0 64.52 OK
r-devel-windows-x86_64 0.1-0 25.00 72.00 97.00 OK
r-patched-linux-x86_64 0.0-9 12.23 24.84 37.07 OK
r-release-linux-x86_64 0.0-9 10.54 24.63 35.17 OK
r-release-macos-arm64 0.0-9 19.00 OK
r-release-macos-x86_64 0.0-9 29.00 OK
r-release-windows-x86_64 0.1-0 38.00 89.00 127.00 OK
r-oldrel-macos-arm64 0.0-9 25.00 OK
r-oldrel-macos-x86_64 0.0-9 38.00 OK
r-oldrel-windows-ix86+x86_64 0.0-9 34.00 63.00 97.00 OK

Check Details

Version: 0.0-9
Check: whether package can be installed
Result: WARN
    Found the following significant warnings:
     ./include/GenMatrix.h:56:12: warning: invalid UTF-8 in comment [-Winvalid-utf8]
     ./include/MBAdata.h:50:12: warning: invalid UTF-8 in comment [-Winvalid-utf8]
     ./include/UCBsplineSurface.h:48:14: warning: invalid UTF-8 in comment [-Winvalid-utf8]
     ./include/MBA.h:73:12: warning: invalid UTF-8 in comment [-Winvalid-utf8]
Flavor: r-devel-linux-x86_64-debian-clang