Last updated on 2023-03-22 04:52:48 CET.
Flavor | Version | Tinstall | Tcheck | Ttotal | Status | Flags |
---|---|---|---|---|---|---|
r-devel-linux-x86_64-debian-clang | 16.1.6 | 49.88 | 319.76 | 369.64 | NOTE | |
r-devel-linux-x86_64-debian-gcc | 16.1.6 | 34.32 | 235.00 | 269.32 | NOTE | |
r-devel-linux-x86_64-fedora-clang | 16.1.6 | 452.55 | NOTE | |||
r-devel-linux-x86_64-fedora-gcc | 16.1.6 | 475.55 | NOTE | |||
r-devel-windows-x86_64 | 16.1.6 | 379.00 | 442.00 | 821.00 | NOTE | |
r-patched-linux-x86_64 | 16.1.6 | 58.76 | 282.10 | 340.86 | OK | |
r-release-linux-x86_64 | 16.1.6 | 44.99 | 285.87 | 330.86 | OK | |
r-release-macos-arm64 | 16.1.6 | 92.00 | NOTE | |||
r-release-macos-x86_64 | 16.1.6 | 139.00 | OK | |||
r-release-windows-x86_64 | 16.1.6 | 364.00 | 408.00 | 772.00 | OK | |
r-oldrel-macos-arm64 | 16.1.6 | 118.00 | NOTE | |||
r-oldrel-macos-x86_64 | 16.1.6 | 158.00 | OK | |||
r-oldrel-windows-ix86+x86_64 | 16.1.6 | 75.00 | 317.00 | 392.00 | OK |
Version: 16.1.6
Check: Rd files
Result: NOTE
checkRd: (-1) LaplaceApproximation.Rd:485: Escaped LaTeX specials: \&
checkRd: (-1) LossMatrix.Rd:115: Escaped LaTeX specials: \&
checkRd: (-1) LossMatrix.Rd:117: Escaped LaTeX specials: \&
Flavors: r-devel-linux-x86_64-debian-clang, r-devel-linux-x86_64-debian-gcc, r-devel-linux-x86_64-fedora-clang, r-devel-linux-x86_64-fedora-gcc, r-devel-windows-x86_64
Version: 16.1.6
Check: installed package size
Result: NOTE
installed size is 5.4Mb
sub-directories of 1Mb or more:
R 2.1Mb
doc 1.7Mb
help 1.1Mb
Flavors: r-release-macos-arm64, r-oldrel-macos-arm64