CRAN Package Check Results for Package LPsmooth

Last updated on 2023-04-01 04:56:21 CEST.

Flavor Version Tinstall Tcheck Ttotal Status Flags
r-devel-linux-x86_64-debian-clang 0.1.3 8.26 84.42 92.68 NOTE
r-devel-linux-x86_64-debian-gcc 0.1.3 7.07 61.34 68.41 NOTE
r-devel-linux-x86_64-fedora-clang 0.1.3 119.29 NOTE
r-devel-linux-x86_64-fedora-gcc 0.1.3 111.44 NOTE
r-devel-windows-x86_64 0.1.3 21.00 0.00 21.00 NOTE
r-patched-linux-x86_64 0.1.3 8.23 77.81 86.04 NOTE
r-release-linux-x86_64 0.1.3 8.59 78.96 87.55 NOTE
r-release-macos-arm64 0.1.3 42.00 NOTE
r-release-macos-x86_64 0.1.3 81.00 NOTE
r-release-windows-x86_64 0.1.3 19.00 121.00 140.00 NOTE
r-oldrel-macos-arm64 0.1.3 52.00 NOTE
r-oldrel-macos-x86_64 0.1.3 85.00 NOTE
r-oldrel-windows-ix86+x86_64 0.1.3 22.00 108.00 130.00 NOTE

Check Details

Version: 0.1.3
Check: LazyData
Result: NOTE
     'LazyData' is specified without a 'data' directory
Flavors: r-devel-linux-x86_64-debian-clang, r-devel-linux-x86_64-debian-gcc, r-devel-linux-x86_64-fedora-clang, r-devel-linux-x86_64-fedora-gcc, r-devel-windows-x86_64, r-patched-linux-x86_64, r-release-linux-x86_64, r-release-macos-arm64, r-release-macos-x86_64, r-release-windows-x86_64, r-oldrel-macos-arm64, r-oldrel-macos-x86_64, r-oldrel-windows-ix86+x86_64