Last updated on 2023-03-28 04:53:01 CEST.
Flavor | Version | Tinstall | Tcheck | Ttotal | Status | Flags |
---|---|---|---|---|---|---|
r-devel-linux-x86_64-debian-clang | 0.9.0 | 37.93 | 570.72 | 608.65 | OK | |
r-devel-linux-x86_64-debian-gcc | 0.9.0 | 35.25 | 405.05 | 440.30 | OK | |
r-devel-linux-x86_64-fedora-clang | 0.9.0 | 779.25 | OK | |||
r-devel-linux-x86_64-fedora-gcc | 0.9.0 | 752.86 | OK | |||
r-patched-linux-x86_64 | 0.9.0 | 31.01 | 530.61 | 561.62 | OK | |
r-release-linux-x86_64 | 0.9.0 | 31.76 | 525.46 | 557.22 | OK | |
r-release-macos-arm64 | 0.9.0 | 156.00 | NOTE | |||
r-release-macos-x86_64 | 0.9.0 | 215.00 | OK | |||
r-release-windows-x86_64 | 0.9.0 | 130.00 | 576.00 | 706.00 | OK | |
r-oldrel-macos-arm64 | 0.9.0 | 144.00 | NOTE | |||
r-oldrel-macos-x86_64 | 0.9.0 | 216.00 | OK | |||
r-oldrel-windows-ix86+x86_64 | 0.9.0 | 69.00 | 577.00 | 646.00 | OK |
Version: 0.9.0
Check: installed package size
Result: NOTE
installed size is 5.9Mb
sub-directories of 1Mb or more:
R 2.0Mb
doc-software 2.2Mb
Flavors: r-release-macos-arm64, r-oldrel-macos-arm64