Last updated on 2023-04-01 04:56:21 CEST.
Flavor | Version | Tinstall | Tcheck | Ttotal | Status | Flags |
---|---|---|---|---|---|---|
r-devel-linux-x86_64-debian-clang | 1.1.0 | 16.62 | 152.04 | 168.66 | NOTE | |
r-devel-linux-x86_64-debian-gcc | 1.1.0 | 12.29 | 113.13 | 125.42 | NOTE | |
r-devel-linux-x86_64-fedora-clang | 1.1.0 | 216.16 | NOTE | |||
r-devel-linux-x86_64-fedora-gcc | 1.1.0 | 213.62 | NOTE | |||
r-devel-windows-x86_64 | 1.1.0 | 20.00 | 0.00 | 20.00 | NOTE | |
r-patched-linux-x86_64 | 1.1.0 | 15.92 | 146.16 | 162.08 | NOTE | |
r-release-linux-x86_64 | 1.1.0 | 14.68 | 142.87 | 157.55 | NOTE | |
r-release-macos-arm64 | 1.1.0 | 53.00 | NOTE | |||
r-release-macos-x86_64 | 1.1.0 | 113.00 | NOTE | |||
r-release-windows-x86_64 | 1.1.0 | 26.00 | 176.00 | 202.00 | NOTE | |
r-oldrel-macos-arm64 | 1.1.0 | 78.00 | NOTE | |||
r-oldrel-macos-x86_64 | 1.1.0 | 101.00 | NOTE | |||
r-oldrel-windows-ix86+x86_64 | 1.1.0 | 37.00 | 159.00 | 196.00 | NOTE |
Version: 1.1.0
Check: LazyData
Result: NOTE
'LazyData' is specified without a 'data' directory
Flavors: r-devel-linux-x86_64-debian-clang, r-devel-linux-x86_64-debian-gcc, r-devel-linux-x86_64-fedora-clang, r-devel-linux-x86_64-fedora-gcc, r-devel-windows-x86_64, r-patched-linux-x86_64, r-release-linux-x86_64, r-release-macos-arm64, r-release-macos-x86_64, r-release-windows-x86_64, r-oldrel-macos-arm64, r-oldrel-macos-x86_64, r-oldrel-windows-ix86+x86_64