Last updated on 2023-03-24 04:52:31 CET.
Flavor | Version | Tinstall | Tcheck | Ttotal | Status | Flags |
---|---|---|---|---|---|---|
r-devel-linux-x86_64-debian-clang | 0.1.0 | 8.25 | 79.00 | 87.25 | NOTE | |
r-devel-linux-x86_64-debian-gcc | 0.1.0 | 6.23 | 59.31 | 65.54 | NOTE | |
r-devel-linux-x86_64-fedora-clang | 0.1.0 | 110.46 | NOTE | |||
r-devel-linux-x86_64-fedora-gcc | 0.1.0 | 118.01 | NOTE | |||
r-devel-windows-x86_64 | 0.1.0 | 10.00 | 89.00 | 99.00 | NOTE | |
r-patched-linux-x86_64 | 0.1.0 | 8.27 | 78.55 | 86.82 | NOTE | |
r-release-linux-x86_64 | 0.1.0 | 7.20 | 77.79 | 84.99 | NOTE | |
r-release-macos-arm64 | 0.1.0 | 34.00 | NOTE | |||
r-release-macos-x86_64 | 0.1.0 | 43.00 | NOTE | |||
r-release-windows-x86_64 | 0.1.0 | 13.00 | 97.00 | 110.00 | NOTE | |
r-oldrel-macos-arm64 | 0.1.0 | 43.00 | NOTE | |||
r-oldrel-macos-x86_64 | 0.1.0 | 60.00 | NOTE | |||
r-oldrel-windows-ix86+x86_64 | 0.1.0 | 14.00 | 82.00 | 96.00 | NOTE |
Version: 0.1.0
Check: LazyData
Result: NOTE
'LazyData' is specified without a 'data' directory
Flavors: r-devel-linux-x86_64-debian-clang, r-devel-linux-x86_64-debian-gcc, r-devel-linux-x86_64-fedora-clang, r-devel-linux-x86_64-fedora-gcc, r-devel-windows-x86_64, r-patched-linux-x86_64, r-release-linux-x86_64, r-release-macos-arm64, r-release-macos-x86_64, r-release-windows-x86_64, r-oldrel-macos-arm64, r-oldrel-macos-x86_64, r-oldrel-windows-ix86+x86_64