Last updated on 2023-03-22 04:52:47 CET.
Flavor | Version | Tinstall | Tcheck | Ttotal | Status | Flags |
---|---|---|---|---|---|---|
r-devel-linux-x86_64-debian-clang | 0.1.0 | 25.24 | 215.01 | 240.25 | NOTE | |
r-devel-linux-x86_64-debian-gcc | 0.1.0 | 21.66 | 156.81 | 178.47 | NOTE | |
r-devel-linux-x86_64-fedora-clang | 0.1.0 | 304.50 | NOTE | |||
r-devel-linux-x86_64-fedora-gcc | 0.1.0 | 276.98 | NOTE | |||
r-devel-windows-x86_64 | 0.1.0 | 53.00 | 233.00 | 286.00 | NOTE | |
r-patched-linux-x86_64 | 0.1.0 | 24.63 | 197.65 | 222.28 | OK | |
r-release-linux-x86_64 | 0.1.0 | 27.55 | 197.23 | 224.78 | OK | |
r-release-macos-arm64 | 0.1.0 | 67.00 | OK | |||
r-release-macos-x86_64 | 0.1.0 | 113.00 | OK | |||
r-release-windows-x86_64 | 0.1.0 | 75.00 | 233.00 | 308.00 | OK | |
r-oldrel-macos-arm64 | 0.1.0 | 78.00 | OK | |||
r-oldrel-macos-x86_64 | 0.1.0 | 104.00 | OK | |||
r-oldrel-windows-ix86+x86_64 | 0.1.0 | 60.00 | 225.00 | 285.00 | OK |
Version: 0.1.0
Check: package subdirectories
Result: NOTE
Problems with news in ‘NEWS.md’:
Cannot extract version info from the following section titles:
INSPECTumours (development version)
Flavors: r-devel-linux-x86_64-debian-clang, r-devel-linux-x86_64-debian-gcc, r-devel-linux-x86_64-fedora-clang, r-devel-linux-x86_64-fedora-gcc, r-devel-windows-x86_64
Version: 0.1.0
Check: package dependencies
Result: NOTE
Imports includes 25 non-default packages.
Importing from so many packages makes the package vulnerable to any of
them becoming unavailable. Move as many as possible to Suggests and
use conditionally.
Flavor: r-devel-linux-x86_64-fedora-clang