CRAN Package Check Results for Package ICtest

Last updated on 2023-03-22 04:52:47 CET.

Flavor Version Tinstall Tcheck Ttotal Status Flags
r-devel-linux-x86_64-debian-clang 0.3-5 47.82 222.17 269.99 OK
r-devel-linux-x86_64-debian-gcc 0.3-5 41.16 163.33 204.49 OK
r-devel-linux-x86_64-fedora-clang 0.3-5 345.29 OK
r-devel-linux-x86_64-fedora-gcc 0.3-5 337.48 OK
r-devel-windows-x86_64 0.3-5 63.00 279.00 342.00 OK
r-patched-linux-x86_64 0.3-5 46.54 208.61 255.15 OK
r-release-linux-x86_64 0.3-5 41.39 209.17 250.56 OK
r-release-macos-arm64 0.3-5 99.00 NOTE
r-release-macos-x86_64 0.3-5 114.00 NOTE
r-release-windows-x86_64 0.3-5 63.00 270.00 333.00 OK
r-oldrel-macos-arm64 0.3-5 90.00 NOTE
r-oldrel-macos-x86_64 0.3-5 119.00 NOTE
r-oldrel-windows-ix86+x86_64 0.3-5 119.00 349.00 468.00 OK

Check Details

Version: 0.3-5
Check: installed package size
Result: NOTE
     installed size is 5.6Mb
     sub-directories of 1Mb or more:
     doc 2.5Mb
     libs 2.8Mb
Flavors: r-release-macos-arm64, r-release-macos-x86_64, r-oldrel-macos-arm64, r-oldrel-macos-x86_64