Last updated on 2023-02-03 04:50:30 CET.
Flavor | Version | Tinstall | Tcheck | Ttotal | Status | Flags |
---|---|---|---|---|---|---|
r-devel-linux-x86_64-debian-clang | 0.8-7 | 2.32 | 58.55 | 60.87 | NOTE | |
r-devel-linux-x86_64-debian-gcc | 0.8-7 | 2.48 | 44.53 | 47.01 | NOTE | |
r-devel-linux-x86_64-fedora-clang | 0.8-7 | 77.29 | NOTE | |||
r-devel-linux-x86_64-fedora-gcc | 0.8-7 | 89.35 | NOTE | |||
r-devel-windows-x86_64 | 0.8-7 | 43.00 | 129.00 | 172.00 | NOTE | |
r-patched-linux-x86_64 | 0.8-7 | 4.33 | 54.47 | 58.80 | OK | |
r-release-linux-x86_64 | 0.8-7 | 2.63 | 54.83 | 57.46 | OK | |
r-release-macos-arm64 | 0.8-7 | 23.00 | OK | |||
r-release-macos-x86_64 | 0.8-7 | 34.00 | OK | |||
r-release-windows-x86_64 | 0.8-7 | 37.00 | 114.00 | 151.00 | OK | |
r-oldrel-macos-arm64 | 0.8-7 | 32.00 | OK | |||
r-oldrel-macos-x86_64 | 0.8-7 | 49.00 | OK | |||
r-oldrel-windows-ix86+x86_64 | 0.8-7 | 9.00 | 95.00 | 104.00 | OK |
Version: 0.8-7
Check: Rd files
Result: NOTE
checkRd: (-1) Snow.Rd:118: Escaped LaTeX specials: \&
checkRd: (-1) Snow.Rd:142: Escaped LaTeX specials: \&
checkRd: (-1) Yeast.Rd:56: Escaped LaTeX specials: \&
Flavors: r-devel-linux-x86_64-debian-clang, r-devel-linux-x86_64-debian-gcc, r-devel-linux-x86_64-fedora-clang, r-devel-linux-x86_64-fedora-gcc, r-devel-windows-x86_64
Version: 0.8-7
Check: Rd cross-references
Result: NOTE
Undeclared packages ‘Guerry’, ‘alr4’, ‘agridat’, ‘coin’ in Rd xrefs
Flavor: r-devel-linux-x86_64-fedora-clang