CRAN Package Check Results for Package HistDAWass

Last updated on 2021-02-24 04:47:14 CET.

Flavor Version Tinstall Tcheck Ttotal Status Flags
r-devel-linux-x86_64-debian-clang 1.0.4 70.52 106.93 177.45 OK
r-devel-linux-x86_64-debian-gcc 1.0.4 50.08 80.65 130.73 OK
r-devel-linux-x86_64-fedora-clang 1.0.4 239.19 NOTE
r-devel-linux-x86_64-fedora-gcc 1.0.4 212.63 OK
r-devel-windows-ix86+x86_64 1.0.4 110.00 145.00 255.00 OK
r-patched-linux-x86_64 1.0.4 60.27 99.24 159.51 OK
r-patched-solaris-x86 1.0.4 232.20 OK
r-release-linux-x86_64 1.0.4 57.59 98.87 156.46 OK
r-release-macos-x86_64 1.0.4 NOTE
r-release-windows-ix86+x86_64 1.0.4 148.00 192.00 340.00 OK
r-oldrel-macos-x86_64 1.0.4 NOTE
r-oldrel-windows-ix86+x86_64 1.0.4 94.00 126.00 220.00 OK

Check Details

Version: 1.0.4
Check: installed package size
Result: NOTE
     installed size is 7.3Mb
     sub-directories of 1Mb or more:
     data 1.0Mb
     libs 5.5Mb
Flavors: r-devel-linux-x86_64-fedora-clang, r-release-macos-x86_64, r-oldrel-macos-x86_64