Last updated on 2023-02-08 04:52:00 CET.
Flavor | Version | Tinstall | Tcheck | Ttotal | Status | Flags |
---|---|---|---|---|---|---|
r-devel-linux-x86_64-debian-clang | 1.2.5 | 74.03 | 129.41 | 203.44 | NOTE | |
r-devel-linux-x86_64-debian-gcc | 1.2.5 | 51.06 | 91.42 | 142.48 | NOTE | |
r-devel-linux-x86_64-fedora-clang | 1.2.5 | 264.21 | NOTE | |||
r-devel-linux-x86_64-fedora-gcc | 1.2.5 | 262.23 | NOTE | |||
r-devel-windows-x86_64 | 1.2.5 | 275.00 | 180.00 | 455.00 | NOTE | |
r-patched-linux-x86_64 | 1.2.5 | 54.74 | 123.02 | 177.76 | NOTE | |
r-release-linux-x86_64 | 1.2.5 | 60.41 | 126.66 | 187.07 | NOTE | |
r-release-macos-arm64 | 1.2.5 | 86.00 | NOTE | |||
r-release-macos-x86_64 | 1.2.5 | 95.00 | NOTE | |||
r-release-windows-x86_64 | 1.2.5 | 88.00 | 185.00 | 273.00 | NOTE | |
r-oldrel-macos-arm64 | 1.2.5 | 76.00 | NOTE | |||
r-oldrel-macos-x86_64 | 1.2.5 | 105.00 | NOTE | |||
r-oldrel-windows-ix86+x86_64 | 1.2.5 | 168.00 | 211.00 | 379.00 | NOTE |
Version: 1.2.5
Check: C++ specification
Result: NOTE
Specified C++11: please update to current default of C++17
Flavors: r-devel-linux-x86_64-debian-clang, r-devel-windows-x86_64
Version: 1.2.5
Check: for GNU extensions in Makefiles
Result: NOTE
GNU make is a SystemRequirements.
Flavors: r-devel-linux-x86_64-debian-clang, r-devel-linux-x86_64-debian-gcc, r-devel-linux-x86_64-fedora-clang, r-devel-linux-x86_64-fedora-gcc, r-devel-windows-x86_64, r-patched-linux-x86_64, r-release-linux-x86_64, r-release-macos-arm64, r-release-macos-x86_64, r-release-windows-x86_64, r-oldrel-macos-arm64, r-oldrel-macos-x86_64, r-oldrel-windows-ix86+x86_64
Version: 1.2.5
Check: C++ specification
Result: NOTE
Specified C++11: please drop specification unless essential
Flavors: r-devel-linux-x86_64-debian-gcc, r-devel-linux-x86_64-fedora-clang, r-devel-linux-x86_64-fedora-gcc