CRAN Package Check Results for Package GIGrvg

Last updated on 2023-03-31 04:51:48 CEST.

Flavor Version Tinstall Tcheck Ttotal Status Flags
r-devel-linux-x86_64-debian-clang 0.8 2.49 23.15 25.64 OK
r-devel-linux-x86_64-debian-gcc 0.8 1.84 18.54 20.38 OK
r-devel-linux-x86_64-fedora-clang 0.8 33.38 NOTE
r-devel-linux-x86_64-fedora-gcc 0.8 33.76 OK
r-devel-windows-x86_64 0.8 16.00 55.00 71.00 OK
r-patched-linux-x86_64 0.8 2.47 22.23 24.70 OK
r-release-linux-x86_64 0.8 2.60 23.38 25.98 OK
r-release-macos-arm64 0.8 15.00 OK
r-release-macos-x86_64 0.8 26.00 OK
r-release-windows-x86_64 0.8 16.00 49.00 65.00 OK
r-oldrel-macos-arm64 0.8 19.00 OK
r-oldrel-macos-x86_64 0.8 31.00 OK
r-oldrel-windows-ix86+x86_64 0.8 12.00 54.00 66.00 OK

Check Details

Version: 0.8
Check: Rd cross-references
Result: NOTE
    Undeclared package ‘Runuran’ in Rd xrefs
Flavor: r-devel-linux-x86_64-fedora-clang