Last updated on 2023-03-31 04:51:48 CEST.
Flavor | Version | Tinstall | Tcheck | Ttotal | Status | Flags |
---|---|---|---|---|---|---|
r-devel-linux-x86_64-debian-clang | 1.0.0 | 14.27 | 116.09 | 130.36 | NOTE | |
r-devel-linux-x86_64-debian-gcc | 1.0.0 | 11.35 | 85.99 | 97.34 | NOTE | |
r-devel-linux-x86_64-fedora-clang | 1.0.0 | 159.87 | NOTE | |||
r-devel-linux-x86_64-fedora-gcc | 1.0.0 | 163.04 | NOTE | |||
r-devel-windows-x86_64 | 1.0.0 | 43.00 | 0.00 | 43.00 | NOTE | |
r-patched-linux-x86_64 | 1.0.0 | 13.32 | 106.12 | 119.44 | NOTE | |
r-release-linux-x86_64 | 1.0.0 | 9.31 | 110.99 | 120.30 | OK | |
r-release-macos-arm64 | 1.0.0 | 49.00 | NOTE | |||
r-release-macos-x86_64 | 1.0.0 | 85.00 | NOTE | |||
r-release-windows-x86_64 | 1.0.0 | 23.00 | 159.00 | 182.00 | OK | |
r-oldrel-macos-arm64 | 1.0.0 | 53.00 | NOTE | |||
r-oldrel-macos-x86_64 | 1.0.0 | 104.00 | NOTE | |||
r-oldrel-windows-ix86+x86_64 | 1.0.0 | 32.00 | 143.00 | 175.00 | OK |
Version: 1.0.0
Check: Rd files
Result: NOTE
checkRd: (-1) constrained.Rd:37: Escaped LaTeX specials: \&
Flavors: r-devel-linux-x86_64-debian-clang, r-devel-linux-x86_64-debian-gcc, r-devel-linux-x86_64-fedora-clang, r-devel-linux-x86_64-fedora-gcc, r-devel-windows-x86_64, r-patched-linux-x86_64
Version: 1.0.0
Check: dependencies in R code
Result: NOTE
Namespaces in Imports field not imported from:
‘Matrix’ ‘Rdpack’
All declared Imports should be used.
Flavors: r-devel-linux-x86_64-fedora-clang, r-devel-linux-x86_64-fedora-gcc, r-release-macos-arm64, r-release-macos-x86_64, r-oldrel-macos-arm64, r-oldrel-macos-x86_64