Last updated on 2023-03-24 04:52:28 CET.
Flavor | Version | Tinstall | Tcheck | Ttotal | Status | Flags |
---|---|---|---|---|---|---|
r-devel-linux-x86_64-debian-clang | 1.1 | 9.25 | 76.60 | 85.85 | NOTE | |
r-devel-linux-x86_64-debian-gcc | 1.1 | 6.30 | 58.49 | 64.79 | NOTE | |
r-devel-linux-x86_64-fedora-clang | 1.1 | 111.91 | NOTE | |||
r-devel-linux-x86_64-fedora-gcc | 1.1 | 102.32 | NOTE | |||
r-devel-windows-x86_64 | 1.1 | 16.00 | 100.00 | 116.00 | NOTE | |
r-patched-linux-x86_64 | 1.1 | 6.80 | 69.03 | 75.83 | NOTE | |
r-release-linux-x86_64 | 1.1 | 7.26 | 69.27 | 76.53 | NOTE | |
r-release-macos-arm64 | 1.1 | 31.00 | NOTE | |||
r-release-macos-x86_64 | 1.1 | 44.00 | NOTE | |||
r-release-windows-x86_64 | 1.1 | 18.00 | 100.00 | 118.00 | NOTE | |
r-oldrel-macos-arm64 | 1.1 | 30.00 | NOTE | |||
r-oldrel-macos-x86_64 | 1.1 | 43.00 | NOTE | |||
r-oldrel-windows-ix86+x86_64 | 1.1 | 19.00 | 98.00 | 117.00 | NOTE |
Version: 1.1
Check: package dependencies
Result: NOTE
Package suggested but not available for checking: ‘coxKM’
Flavors: r-devel-linux-x86_64-debian-clang, r-devel-linux-x86_64-debian-gcc, r-devel-linux-x86_64-fedora-clang, r-devel-linux-x86_64-fedora-gcc, r-devel-windows-x86_64, r-patched-linux-x86_64, r-release-linux-x86_64, r-release-macos-arm64, r-release-macos-x86_64, r-release-windows-x86_64, r-oldrel-macos-arm64, r-oldrel-macos-x86_64, r-oldrel-windows-ix86+x86_64