CRAN Package Check Results for Package FRK

Last updated on 2022-12-02 05:00:05 CET.

Flavor Version Tinstall Tcheck Ttotal Status Flags
r-devel-linux-x86_64-debian-clang 2.1.0 149.79 605.00 754.79 NOTE
r-devel-linux-x86_64-debian-gcc 2.1.0 133.98 452.40 586.38 NOTE
r-devel-linux-x86_64-fedora-clang 2.1.0 959.73 NOTE
r-devel-linux-x86_64-fedora-gcc 2.1.0 1044.50 NOTE
r-devel-windows-x86_64 2.1.0 124.00 337.00 461.00 NOTE --no-vignettes
r-patched-linux-x86_64 2.1.0 142.81 579.82 722.63 NOTE
r-release-linux-x86_64 2.1.0 146.50 590.53 737.03 NOTE
r-release-macos-arm64 2.1.0 182.00 NOTE
r-release-macos-x86_64 2.1.0 337.00 NOTE
r-release-windows-x86_64 2.1.0 160.00 357.00 517.00 NOTE --no-vignettes
r-oldrel-macos-arm64 2.1.0 172.00 NOTE
r-oldrel-macos-x86_64 2.1.0 338.00 NOTE
r-oldrel-windows-ix86+x86_64 2.1.0 307.00 528.00 835.00 NOTE --no-vignettes

Check Details

Version: 2.1.0
Check: package dependencies
Result: NOTE
    Packages suggested but not available for checking: 'dggrids', 'INLA'
Flavors: r-devel-linux-x86_64-debian-clang, r-devel-linux-x86_64-debian-gcc, r-patched-linux-x86_64, r-release-linux-x86_64, r-release-macos-arm64, r-release-macos-x86_64, r-oldrel-macos-arm64, r-oldrel-macos-x86_64

Version: 2.1.0
Check: package dependencies
Result: NOTE
    Package suggested but not available for checking: ‘dggrids’
Flavors: r-devel-linux-x86_64-fedora-clang, r-devel-linux-x86_64-fedora-gcc

Version: 2.1.0
Check: installed package size
Result: NOTE
     installed size is 9.2Mb
     sub-directories of 1Mb or more:
     data 5.0Mb
     doc 1.6Mb
     libs 1.6Mb
Flavors: r-devel-linux-x86_64-fedora-clang, r-release-macos-arm64, r-release-macos-x86_64, r-oldrel-macos-arm64, r-oldrel-macos-x86_64

Version: 2.1.0
Flags: --no-vignettes
Check: package dependencies
Result: NOTE
    Packages suggested but not available for checking: 'dggrids', 'INLA'
Flavors: r-devel-windows-x86_64, r-release-windows-x86_64

Version: 2.1.0
Flags: --no-vignettes
Check: installed package size
Result: NOTE
     installed size is 20.4Mb
     sub-directories of 1Mb or more:
     data 5.0Mb
     doc 1.6Mb
     libs 12.9Mb
Flavors: r-devel-windows-x86_64, r-release-windows-x86_64, r-oldrel-windows-ix86+x86_64

Version: 2.1.0
Flags: --no-vignettes
Check: package dependencies
Result: NOTE
    Package suggested but not available for checking: 'dggrids'
Flavor: r-oldrel-windows-ix86+x86_64