Last updated on 2023-03-22 04:52:45 CET.
Flavor | Version | Tinstall | Tcheck | Ttotal | Status | Flags |
---|---|---|---|---|---|---|
r-devel-linux-x86_64-debian-clang | 1.3.6.2 | 9.37 | 233.10 | 242.47 | NOTE | |
r-devel-linux-x86_64-debian-gcc | 1.3.6.2 | 5.34 | 173.65 | 178.99 | NOTE | |
r-devel-linux-x86_64-fedora-clang | 1.3.6.2 | 300.87 | NOTE | |||
r-devel-linux-x86_64-fedora-gcc | 1.3.6.2 | 296.88 | NOTE | |||
r-devel-windows-x86_64 | 1.3.6.2 | 45.00 | 375.00 | 420.00 | NOTE | |
r-patched-linux-x86_64 | 1.3.6.2 | 12.23 | 221.50 | 233.73 | OK | |
r-release-linux-x86_64 | 1.3.6.2 | 6.82 | 219.25 | 226.07 | OK | |
r-release-macos-arm64 | 1.3.6.2 | 108.00 | OK | |||
r-release-macos-x86_64 | 1.3.6.2 | 154.00 | OK | |||
r-release-windows-x86_64 | 1.3.6.2 | 30.00 | 385.00 | 415.00 | OK | |
r-oldrel-macos-arm64 | 1.3.6.2 | 132.00 | OK | |||
r-oldrel-macos-x86_64 | 1.3.6.2 | 176.00 | OK | |||
r-oldrel-windows-ix86+x86_64 | 1.3.6.2 | 20.00 | 327.00 | 347.00 | OK |
Version: 1.3.6.2
Check: Rd files
Result: NOTE
checkRd: (-1) pseudoOptim.Rd:27: Escaped LaTeX specials: \$
Flavors: r-devel-linux-x86_64-debian-clang, r-devel-linux-x86_64-debian-gcc, r-devel-linux-x86_64-fedora-clang, r-devel-linux-x86_64-fedora-gcc, r-devel-windows-x86_64