CRAN Package Check Results for Package FILEST

Last updated on 2023-03-23 04:53:18 CET.

Flavor Version Tinstall Tcheck Ttotal Status Flags
r-devel-linux-x86_64-debian-clang 1.1.2 8.74 82.10 90.84 NOTE
r-devel-linux-x86_64-debian-gcc 1.1.2 5.97 62.46 68.43 NOTE
r-devel-linux-x86_64-fedora-clang 1.1.2 111.85 NOTE
r-devel-linux-x86_64-fedora-gcc 1.1.2 106.60 NOTE
r-devel-windows-x86_64 1.1.2 19.00 111.00 130.00 NOTE
r-patched-linux-x86_64 1.1.2 6.74 76.18 82.92 NOTE
r-release-linux-x86_64 1.1.2 8.60 75.53 84.13 NOTE
r-release-macos-arm64 1.1.2 28.00 NOTE
r-release-macos-x86_64 1.1.2 47.00 NOTE
r-release-windows-x86_64 1.1.2 11.00 131.00 142.00 NOTE
r-oldrel-macos-arm64 1.1.2 42.00 NOTE
r-oldrel-macos-x86_64 1.1.2 50.00 NOTE
r-oldrel-windows-ix86+x86_64 1.1.2 18.00 104.00 122.00 NOTE

Check Details

Version: 1.1.2
Check: LazyData
Result: NOTE
     'LazyData' is specified without a 'data' directory
Flavors: r-devel-linux-x86_64-debian-clang, r-devel-linux-x86_64-debian-gcc, r-devel-linux-x86_64-fedora-clang, r-devel-linux-x86_64-fedora-gcc, r-devel-windows-x86_64, r-patched-linux-x86_64, r-release-linux-x86_64, r-release-macos-arm64, r-release-macos-x86_64, r-release-windows-x86_64, r-oldrel-macos-arm64, r-oldrel-macos-x86_64, r-oldrel-windows-ix86+x86_64