Last updated on 2023-03-28 04:52:56 CEST.
Flavor | Version | Tinstall | Tcheck | Ttotal | Status | Flags |
---|---|---|---|---|---|---|
r-devel-linux-x86_64-debian-clang | 1.3.1 | 14.61 | 199.71 | 214.32 | OK | |
r-devel-linux-x86_64-debian-gcc | 1.3.1 | 12.50 | 144.84 | 157.34 | OK | |
r-devel-linux-x86_64-fedora-clang | 1.3.1 | 262.13 | NOTE | |||
r-devel-linux-x86_64-fedora-gcc | 1.3.1 | 260.09 | OK | |||
r-devel-windows-x86_64 | 1.3.1 | 61.00 | 274.00 | 335.00 | NOTE | |
r-patched-linux-x86_64 | 1.3.1 | 18.38 | 187.63 | 206.01 | OK | |
r-release-linux-x86_64 | 1.3.1 | 12.62 | 185.43 | 198.05 | OK | |
r-release-macos-arm64 | 1.3.1 | 79.00 | NOTE | |||
r-release-macos-x86_64 | 1.3.1 | 103.00 | NOTE | |||
r-release-windows-x86_64 | 1.3.1 | 57.00 | 276.00 | 333.00 | NOTE | |
r-oldrel-macos-arm64 | 1.3.1 | 83.00 | NOTE | |||
r-oldrel-macos-x86_64 | 1.3.1 | 106.00 | NOTE | |||
r-oldrel-windows-ix86+x86_64 | 1.3.1 | 29.00 | 251.00 | 280.00 | NOTE |
Version: 1.3.1
Check: installed package size
Result: NOTE
installed size is 6.9Mb
sub-directories of 1Mb or more:
data 2.4Mb
doc 3.9Mb
Flavors: r-devel-linux-x86_64-fedora-clang, r-devel-windows-x86_64, r-release-macos-arm64, r-release-macos-x86_64, r-release-windows-x86_64, r-oldrel-macos-arm64, r-oldrel-macos-x86_64, r-oldrel-windows-ix86+x86_64