Last updated on 2023-03-23 04:53:18 CET.
Flavor | Version | Tinstall | Tcheck | Ttotal | Status | Flags |
---|---|---|---|---|---|---|
r-devel-linux-x86_64-debian-clang | 1.0.2 | 8.47 | 105.26 | 113.73 | OK | |
r-devel-linux-x86_64-debian-gcc | 1.0.2 | 7.57 | 78.94 | 86.51 | OK | |
r-devel-linux-x86_64-fedora-clang | 1.0.2 | 141.24 | OK | |||
r-devel-linux-x86_64-fedora-gcc | 1.0.2 | 154.53 | OK | |||
r-devel-windows-x86_64 | 1.0.2 | 42.00 | 152.00 | 194.00 | OK | |
r-patched-linux-x86_64 | 1.0.2 | 13.12 | 100.32 | 113.44 | OK | |
r-release-linux-x86_64 | 1.0.2 | 7.38 | 100.25 | 107.63 | OK | |
r-release-macos-arm64 | 1.0.2 | 44.00 | OK | |||
r-release-macos-x86_64 | 1.0.2 | 95.00 | OK | |||
r-release-windows-x86_64 | 1.0.2 | 39.00 | 144.00 | 183.00 | OK | |
r-oldrel-macos-arm64 | 1.0.2 | 46.00 | OK | |||
r-oldrel-macos-x86_64 | 1.0.2 | 57.00 | OK | |||
r-oldrel-windows-ix86+x86_64 | 1.0.2 | 21.00 | 136.00 | 157.00 | NOTE |
Version: 1.0.2
Check: dependencies in R code
Result: NOTE
Initiating curl with CURL_SSL_BACKEND: openssl
Flavor: r-oldrel-windows-ix86+x86_64