Last updated on 2023-02-01 04:51:53 CET.
Flavor | Version | Tinstall | Tcheck | Ttotal | Status | Flags |
---|---|---|---|---|---|---|
r-devel-linux-x86_64-debian-clang | 3.1.1 | 5.06 | 422.93 | 427.99 | OK | |
r-devel-linux-x86_64-debian-gcc | 3.1.1 | 4.14 | 450.91 | 455.05 | OK | |
r-devel-linux-x86_64-fedora-clang | 3.1.1 | 504.50 | NOTE | |||
r-devel-linux-x86_64-fedora-gcc | 3.1.1 | 550.50 | NOTE | |||
r-devel-windows-x86_64 | 3.1.1 | 27.00 | 482.00 | 509.00 | OK | |
r-patched-linux-x86_64 | 3.1.1 | 5.68 | 495.62 | 501.30 | OK | |
r-release-linux-x86_64 | 3.1.1 | 4.90 | 440.43 | 445.33 | OK | |
r-release-macos-arm64 | 3.1.1 | 281.00 | NOTE | |||
r-release-macos-x86_64 | 3.1.1 | 194.00 | NOTE | |||
r-release-windows-x86_64 | 3.1.1 | 13.00 | 490.00 | 503.00 | OK | |
r-oldrel-macos-arm64 | 3.1.1 | 286.00 | NOTE | |||
r-oldrel-macos-x86_64 | 3.1.1 | 258.00 | NOTE | |||
r-oldrel-windows-ix86+x86_64 | 3.1.1 | 11.00 | 514.00 | 525.00 | OK |
Version: 3.1.1
Check: dependencies in R code
Result: NOTE
Namespace in Imports field not imported from: ‘BiocStyle’
All declared Imports should be used.
Flavors: r-devel-linux-x86_64-fedora-clang, r-devel-linux-x86_64-fedora-gcc, r-release-macos-arm64, r-release-macos-x86_64, r-oldrel-macos-arm64, r-oldrel-macos-x86_64