Last updated on 2023-03-28 04:52:55 CEST.
Flavor | Version | Tinstall | Tcheck | Ttotal | Status | Flags |
---|---|---|---|---|---|---|
r-devel-linux-x86_64-debian-clang | 1.0.2 | 4.88 | 62.36 | 67.24 | OK | |
r-devel-linux-x86_64-debian-gcc | 1.0.2 | 3.87 | 47.53 | 51.40 | OK | |
r-devel-linux-x86_64-fedora-clang | 1.0.2 | 82.52 | OK | |||
r-devel-linux-x86_64-fedora-gcc | 1.0.2 | 91.53 | OK | |||
r-devel-windows-x86_64 | 1.0.2 | 119.00 | 124.00 | 243.00 | OK | |
r-patched-linux-x86_64 | 1.0.2 | 8.51 | 60.55 | 69.06 | OK | |
r-release-linux-x86_64 | 1.0.2 | 4.23 | 56.27 | 60.50 | OK | |
r-release-macos-arm64 | 1.0.2 | 39.00 | OK | |||
r-release-macos-x86_64 | 1.0.2 | 46.00 | OK | |||
r-release-windows-x86_64 | 1.0.2 | 117.00 | 109.00 | 226.00 | OK | |
r-oldrel-macos-arm64 | 1.0.2 | 35.00 | OK | |||
r-oldrel-macos-x86_64 | 1.0.2 | 54.00 | OK | |||
r-oldrel-windows-ix86+x86_64 | 1.0.2 | 8.00 | 93.00 | 101.00 | NOTE |
Version: 1.0.2
Check: dependencies in R code
Result: NOTE
Initiating curl with CURL_SSL_BACKEND: openssl
Flavor: r-oldrel-windows-ix86+x86_64