Last updated on 2023-03-27 04:53:10 CEST.
Flavor | Version | Tinstall | Tcheck | Ttotal | Status | Flags |
---|---|---|---|---|---|---|
r-devel-linux-x86_64-debian-clang | 2.0.0 | 7.04 | 71.79 | 78.83 | NOTE | |
r-devel-linux-x86_64-debian-gcc | 2.0.0 | 6.26 | 55.76 | 62.02 | NOTE | |
r-devel-linux-x86_64-fedora-gcc | 2.0.0 | 96.84 | NOTE | |||
r-devel-windows-x86_64 | 2.0.0 | 29.00 | 96.00 | 125.00 | NOTE | |
r-patched-linux-x86_64 | 2.0.0 | 8.11 | 69.65 | 77.76 | NOTE | |
r-release-linux-x86_64 | 2.0.0 | 5.68 | 68.36 | 74.04 | OK | |
r-release-macos-arm64 | 2.0.0 | 26.00 | OK | |||
r-release-macos-x86_64 | 2.0.0 | 47.00 | OK | |||
r-release-windows-x86_64 | 2.0.0 | 25.00 | 96.00 | 121.00 | OK | |
r-oldrel-macos-arm64 | 2.0.0 | 25.00 | OK | |||
r-oldrel-macos-x86_64 | 2.0.0 | 40.00 | OK | |||
r-oldrel-windows-ix86+x86_64 | 2.0.0 | 17.00 | 92.00 | 109.00 | OK |
Version: 2.0.0
Check: Rd files
Result: NOTE
checkRd: (-1) TempDisaggDGP.Rd:79: Escaped LaTeX specials: \&
checkRd: (-1) disaggregate.Rd:56: Escaped LaTeX specials: \&
Flavors: r-devel-linux-x86_64-debian-clang, r-devel-linux-x86_64-debian-gcc, r-devel-linux-x86_64-fedora-gcc, r-devel-windows-x86_64, r-patched-linux-x86_64