Last updated on 2023-03-30 04:55:07 CEST.
Flavor | Version | Tinstall | Tcheck | Ttotal | Status | Flags |
---|---|---|---|---|---|---|
r-devel-linux-x86_64-debian-clang | 1.0.2 | 5.40 | 248.90 | 254.30 | OK | |
r-devel-linux-x86_64-debian-gcc | 1.0.2 | 4.19 | 189.74 | 193.93 | OK | |
r-devel-linux-x86_64-fedora-clang | 1.0.2 | 304.29 | NOTE | |||
r-devel-linux-x86_64-fedora-gcc | 1.0.2 | 299.78 | OK | |||
r-devel-windows-x86_64 | 1.0.2 | 131.00 | 290.00 | 421.00 | OK | |
r-patched-linux-x86_64 | 1.0.2 | 10.28 | 238.29 | 248.57 | OK | |
r-release-linux-x86_64 | 1.0.2 | 7.18 | 234.37 | 241.55 | OK | |
r-release-macos-arm64 | 1.0.2 | 85.00 | OK | |||
r-release-macos-x86_64 | 1.0.2 | 112.00 | OK | |||
r-release-windows-x86_64 | 1.0.2 | 157.00 | 272.00 | 429.00 | OK | |
r-oldrel-macos-arm64 | 1.0.2 | 72.00 | OK | |||
r-oldrel-macos-x86_64 | 1.0.2 | 109.00 | OK | |||
r-oldrel-windows-ix86+x86_64 | 1.0.2 | 27.00 | 287.00 | 314.00 | OK |
Version: 1.0.2
Check: Rd cross-references
Result: NOTE
Undeclared package ‘future’ in Rd xrefs
Flavor: r-devel-linux-x86_64-fedora-clang