Last updated on 2023-03-25 04:54:36 CET.
Flavor | Version | Tinstall | Tcheck | Ttotal | Status | Flags |
---|---|---|---|---|---|---|
r-devel-linux-x86_64-debian-clang | 6.1.0 | 11.45 | 104.09 | 115.54 | OK | |
r-devel-linux-x86_64-debian-gcc | 6.1.0 | 8.55 | 79.53 | 88.08 | OK | |
r-devel-linux-x86_64-fedora-clang | 6.1.0 | 165.24 | OK | |||
r-devel-linux-x86_64-fedora-gcc | 6.1.0 | 155.14 | OK | |||
r-devel-windows-x86_64 | 6.1.0 | 329.00 | 160.00 | 489.00 | OK | |
r-patched-linux-x86_64 | 6.1.0 | 15.19 | 96.80 | 111.99 | OK | |
r-release-linux-x86_64 | 6.1.0 | 10.61 | 96.82 | 107.43 | OK | |
r-release-macos-arm64 | 6.1.0 | 47.00 | OK | |||
r-release-macos-x86_64 | 6.1.0 | 62.00 | OK | |||
r-release-windows-x86_64 | 6.1.0 | 285.00 | 158.00 | 443.00 | OK | |
r-oldrel-macos-arm64 | 6.1.0 | 49.00 | OK | |||
r-oldrel-macos-x86_64 | 6.1.0 | 67.00 | OK | |||
r-oldrel-windows-ix86+x86_64 | 6.1.0 | 25.00 | 146.00 | 171.00 | NOTE |
Version: 6.1.0
Check: dependencies in R code
Result: NOTE
Initiating curl with CURL_SSL_BACKEND: openssl
Flavor: r-oldrel-windows-ix86+x86_64