Last updated on 2023-03-23 04:53:17 CET.
Flavor | Version | Tinstall | Tcheck | Ttotal | Status | Flags |
---|---|---|---|---|---|---|
r-devel-linux-x86_64-debian-clang | 0.27 | 6.43 | 45.10 | 51.53 | OK | |
r-devel-linux-x86_64-debian-gcc | 0.27 | 5.26 | 36.68 | 41.94 | OK | |
r-devel-linux-x86_64-fedora-clang | 0.27 | 66.14 | NOTE | |||
r-devel-linux-x86_64-fedora-gcc | 0.27 | 73.85 | OK | |||
r-devel-windows-x86_64 | 0.27 | 662.00 | 100.00 | 762.00 | NOTE | |
r-patched-linux-x86_64 | 0.27 | 9.91 | 43.92 | 53.83 | OK | |
r-release-linux-x86_64 | 0.27 | 4.55 | 44.00 | 48.55 | OK | |
r-release-macos-arm64 | 0.27 | 24.00 | NOTE | |||
r-release-macos-x86_64 | 0.27 | 38.00 | NOTE | |||
r-release-windows-x86_64 | 0.27 | 581.00 | 132.00 | 713.00 | NOTE | |
r-oldrel-macos-arm64 | 0.27 | 30.00 | NOTE | |||
r-oldrel-macos-x86_64 | 0.27 | 40.00 | NOTE | |||
r-oldrel-windows-ix86+x86_64 | 0.27 | 19.00 | 72.00 | 91.00 | NOTE |
Version: 0.27
Check: installed package size
Result: NOTE
installed size is 6.1Mb
sub-directories of 1Mb or more:
htmlwidgets 5.1Mb
Flavors: r-devel-linux-x86_64-fedora-clang, r-devel-windows-x86_64, r-release-macos-arm64, r-release-macos-x86_64, r-release-windows-x86_64, r-oldrel-macos-arm64, r-oldrel-macos-x86_64, r-oldrel-windows-ix86+x86_64