Last updated on 2023-04-02 04:51:33 CEST.
Flavor | Version | Tinstall | Tcheck | Ttotal | Status | Flags |
---|---|---|---|---|---|---|
r-devel-linux-x86_64-debian-clang | 0.9.3 | 11.34 | 172.69 | 184.03 | OK | |
r-devel-linux-x86_64-debian-gcc | 0.9.3 | 7.22 | 124.34 | 131.56 | OK | |
r-devel-linux-x86_64-fedora-clang | 0.9.3 | 216.34 | NOTE | |||
r-devel-linux-x86_64-fedora-gcc | 0.9.3 | 221.59 | OK | |||
r-devel-windows-x86_64 | 0.9.3 | 22.00 | 212.00 | 234.00 | NOTE | |
r-patched-linux-x86_64 | 0.9.3 | 11.00 | 157.71 | 168.71 | OK | |
r-release-linux-x86_64 | 0.9.3 | 7.32 | 158.95 | 166.27 | OK | |
r-release-macos-arm64 | 0.9.3 | 58.00 | NOTE | |||
r-release-macos-x86_64 | 0.9.3 | 90.00 | NOTE | |||
r-release-windows-x86_64 | 0.9.3 | 110.00 | 228.00 | 338.00 | NOTE | |
r-oldrel-macos-arm64 | 0.9.3 | 64.00 | NOTE | |||
r-oldrel-macos-x86_64 | 0.9.3 | 76.00 | NOTE | |||
r-oldrel-windows-ix86+x86_64 | 0.9.3 | 26.00 | 198.00 | 224.00 | NOTE |
Version: 0.9.3
Check: installed package size
Result: NOTE
installed size is 5.2Mb
sub-directories of 1Mb or more:
appinformation 4.1Mb
Flavors: r-devel-linux-x86_64-fedora-clang, r-devel-windows-x86_64, r-release-macos-arm64, r-release-macos-x86_64, r-release-windows-x86_64, r-oldrel-macos-arm64, r-oldrel-macos-x86_64, r-oldrel-windows-ix86+x86_64