Last updated on 2023-04-01 04:56:15 CEST.
Flavor | Version | Tinstall | Tcheck | Ttotal | Status | Flags |
---|---|---|---|---|---|---|
r-devel-linux-x86_64-debian-clang | 2.1.0 | 10.79 | 124.22 | 135.01 | OK | |
r-devel-linux-x86_64-debian-gcc | 2.1.0 | 9.26 | 93.53 | 102.79 | OK | |
r-devel-linux-x86_64-fedora-clang | 2.1.0 | 167.01 | NOTE | |||
r-devel-linux-x86_64-fedora-gcc | 2.1.0 | 171.92 | NOTE | |||
r-devel-windows-x86_64 | 2.1.0 | 35.00 | 159.00 | 194.00 | OK | |
r-patched-linux-x86_64 | 2.1.0 | 10.75 | 115.54 | 126.29 | OK | |
r-release-linux-x86_64 | 2.1.0 | 10.85 | 115.58 | 126.43 | OK | |
r-release-macos-arm64 | 2.1.0 | 49.00 | NOTE | |||
r-release-macos-x86_64 | 2.1.0 | 99.00 | NOTE | |||
r-release-windows-x86_64 | 2.1.0 | 29.00 | 163.00 | 192.00 | OK | |
r-oldrel-macos-arm64 | 2.1.0 | 54.00 | NOTE | |||
r-oldrel-macos-x86_64 | 2.1.0 | 64.00 | NOTE | |||
r-oldrel-windows-ix86+x86_64 | 2.1.0 | 24.00 | 147.00 | 171.00 | OK |
Version: 2.1.0
Check: data for non-ASCII characters
Result: NOTE
Note: found 100 marked UTF-8 strings
Flavors: r-devel-linux-x86_64-fedora-clang, r-devel-linux-x86_64-fedora-gcc, r-release-macos-arm64, r-release-macos-x86_64, r-oldrel-macos-arm64, r-oldrel-macos-x86_64